{"id":189,"date":"2021-06-18T11:15:16","date_gmt":"2021-06-18T09:15:16","guid":{"rendered":"http:\/\/irnofestival.it\/XXV\/?page_id=189"},"modified":"2025-08-21T13:19:25","modified_gmt":"2025-08-21T11:19:25","slug":"27-settembre-2025","status":"publish","type":"page","link":"http:\/\/irnofestival.it\/XXVII\/27-settembre-2025\/","title":{"rendered":"27 settembre 2025"},"content":{"rendered":"<p>[vc_row][vc_column][vc_empty_space height=&#8221;100px&#8221;][\/vc_column][\/vc_row][vc_row][vc_column][vc_column_text]<\/p>\n<h3 style=\"text-align: center;\">SABATO 27 SETTEMBRE ore 21:00<br \/>\nTeatro Augusteo Salerno<\/h3>\n<h3 style=\"text-align: center;\"><span style=\"color: #3366ff;\">NERI MARCORE&#8217; <\/span><br \/>\n<span style=\"color: #3366ff;\">LE MIE CANZONI ALTRUI<\/span><\/h3>\n<h3 style=\"text-align: center;\">Neri Marcor\u00e8<br \/>\nVOCE SOLISTA E CHITARRA<br \/>\nDomenico Mariorenzi<br \/>\nCHITARRA E PIANOFORTE<br \/>\nPino Vecchioni<br \/>\nBATTERIA<br \/>\nFabrizio Guarino<br \/>\nCHITARRA ELETTRICA E CLASSICA<br \/>\nAlessandro Patti<br \/>\nBASSO E CONTRABBASSO<\/h3>\n<h3 style=\"text-align: center;\"><span style=\"color: #3366ff;\">Biglietto<br \/>\n<span style=\"color: #000000;\">Platea \u20ac 45 + 6 prevendita<\/span><\/span><br \/>\n<span style=\"color: #000000;\">Galleria \u20ac 35 + 5 prevendita<br \/>\npostoriservato.it<\/span><\/h3>\n<p>[\/vc_column_text][\/vc_column][\/vc_row][vc_row margin_top=&#8221;80px&#8221; margin_bottom=&#8221;80px&#8221; css=&#8221;.vc_custom_1563279048769{margin-bottom: 60px !important;}&#8221;][vc_column]<div class=\"dt-fancy-separator title-left\" style=\"width: 100%;\"><div class=\"dt-fancy-title\"><span class=\"separator-holder separator-left\"><\/span>Curriculum Artisti<span class=\"separator-holder separator-right\"><\/span><\/div><\/div>[\/vc_column][\/vc_row][vc_row margin_top=&#8221;80px&#8221; margin_bottom=&#8221;80px&#8221; css=&#8221;.vc_custom_1563279048769{margin-bottom: 60px !important;}&#8221;][vc_column][\/vc_column][\/vc_row][vc_row type=&#8221;vc_default&#8221; full_width=&#8221;stretch_row&#8221; gap=&#8221;35&#8243;][vc_column width=&#8221;1\/4&#8243;]<style type=\"text\/css\" data-type=\"the7_shortcodes-inline-css\">.shortcode-single-image-wrap.shortcode-single-image-ab76c7de9118c751a024c3aeae66ec4c.enable-bg-rollover .rollover i,\n.shortcode-single-image-wrap.shortcode-single-image-ab76c7de9118c751a024c3aeae66ec4c.enable-bg-rollover .rollover-video i {\n  background: -webkit-linear-gradient();\n  background: linear-gradient();\n}\n.shortcode-single-image-wrap.shortcode-single-image-ab76c7de9118c751a024c3aeae66ec4c .rollover-icon {\n  font-size: 32px;\n  color: #ffffff;\n  min-width: 44px;\n  min-height: 44px;\n  line-height: 44px;\n  border-radius: 100px;\n  border-style: solid;\n  border-width: 0px;\n}\n.dt-icon-bg-on.shortcode-single-image-wrap.shortcode-single-image-ab76c7de9118c751a024c3aeae66ec4c .rollover-icon {\n  background: rgba(255,255,255,0.3);\n  box-shadow: none;\n}\n<\/style><div class=\"shortcode-single-image-wrap shortcode-single-image-ab76c7de9118c751a024c3aeae66ec4c alignnone  enable-bg-rollover dt-icon-bg-off\" style=\"margin-top:0px; margin-bottom:0px; margin-left:0px; margin-right:0px; width:350px;\"><div class=\"shortcode-single-image\"><div class=\"fancy-media-wrap  layzr-bg\" style=\"\"><img loading=\"lazy\" decoding=\"async\" class=\"preload-me lazy-load\" src=\"data:image\/svg+xml,%3Csvg%20xmlns%3D&#39;http%3A%2F%2Fwww.w3.org%2F2000%2Fsvg&#39;%20viewBox%3D&#39;0%200%20241%20241&#39;%2F%3E\" data-src=\"http:\/\/irnofestival.it\/XXVII\/wp-content\/uploads\/2025\/08\/neri@2x.png\" data-srcset=\"http:\/\/irnofestival.it\/XXVII\/wp-content\/uploads\/2025\/08\/neri@2x.png 241w\" width=\"241\" height=\"241\"  data-dt-location=\"http:\/\/irnofestival.it\/XXVII\/27-settembre-2025\/neri2x\/\" style=\"\" alt=\"\" \/><\/div><\/div><\/div>[\/vc_column][vc_column width=&#8221;3\/4&#8243;][vc_column_text]<\/p>\n<div class=\"page\" title=\"Page 2\">\n<div class=\"layoutArea\">\n<div class=\"column\">\n<p><strong>Neri Marcor\u00e8<\/strong><\/p>\n<p>Neri Marcor\u00e8, nato a Porto Sant\u2019Elpidio in provincia di Fermo, partecipa a La Corrida di Corrado nel 1988, quando \u00e8 ancora studente presso la Scuola Interpreti di Bologna, e vince la puntata. In seguito a quell\u2019esperienza si esibisce a livello locale come imitatore e cabarettista ma quest\u2019attivit\u00e0 resterebbe a livello amatoriale se nell&#8217;estate del 1990, subito dopo la laurea, non partecipasse come concorrente al programma \u201cStasera mi butto\u201d, condotto da Gigi Sabani, e arrivando in finale, unico dilettante insieme a otto professionisti.<br \/>\nI 9 finalisti vengono scritturati per il programma Ricomincio da due, condotto da Raffaella Carr\u00e0 ogni domenica in diretta su Rai 2, dando vita alla striscia satirica TG X, sotto la guida autorale di Michele Mirabella. Anche l&#8217;anno successivo viene confermata la sua partecipazione alle 24 puntate domenicali su Rai 2, stavolta per\u00f2 la conduzione passa a Giancarlo Magalli ed Heather Parisi. Il programma si chiama Ciao weekend.<br \/>\nIn quegli anni comincia a frequentare le sale di doppiaggio come uditore, per imparare il mestiere, grazie alla disponibilit\u00e0 di Michele Gammino che gli consente di assistere ai turni di lavorazione. Si trasferisce a Roma e dal 1993 inizia a lavorare come doppiatore e debutta per la prima volta in teatro, nel ruolo di Pantalone, ne La finta ammalata in musica di Carlo Goldoni. Mentre altri spettacoli teatrali seguiranno, nel 1994 debutta al cinema nel film \u201cLadri di cinema\u201d di Piero Natoli.<br \/>\nTorna a fare tv nel 1997, a fianco di Serena Dandini, Sabina e Corrado Guzzanti, con il \u201cPippo Chennedy Show\u201d, seguito da programmi come La posta del cuore, della stessa Guzzanti, Ciro il figlio di Target e Convention.<br \/>\nNel 2001 \u00e8 protagonista de L&#8217;ottavo nano, con le celebri parodie di Alberto Angela, Maurizio Gasparri e il conte Swarovski.<br \/>\nDa quell\u2019anno al 2010, insieme con Piero Dorfles, conduce su Rai 3 Per un pugno di libri, telequiz per studenti basato sui libri e relativi autori.<br \/>\nNel 2003, per la sua interpretazione nel film di Pupi Avati Il cuore altrove, ottiene come migliore attore protagonista una nomination ai David di Donatello e vince il Nastro d&#8217;argento. In seguito \u00e8 protagonista di Se devo essere sincera (2004) insieme con Luciana Littizzetto e Dino Abbrescia; nel 2006 viene diretto nuovamente da Pupi Avati e ottiene una seconda nomination ai David di Donatello, questa volta come migliore attore non protagonista, per La seconda notte di nozze. Seguiranno L&#8217;estate del mio primo bacio, Baciami piccina (2006) e le serie TV E poi c&#8217;\u00e8 Filippo e Papa Luciani &#8211; Il sorriso di Dio (2006). Nella stagione 2006-2007, conduce insieme a Riccardo Pandolfi il programma satirico Siamo se stessi, in onda su Radio 2 Rai.<br \/>\nNel 2007 recita con Violante Placido e Luca Argentero nel film Lezioni di cioccolato.<br \/>\nTorna a lavorare con la Dandini nel programma Parla con me (Rai 3), dove negli anni imita tra gli altri Luciano Ligabue, Antonio Di Pietro, Zapatero, Piero Fassino, Daniele Capezzone.<br \/>\nA teatro, dopo California Suite e L\u2019apparenza inganna, diretto da Nora Venturini, inizia nel 2005 la ventennale collaborazione con Giorgio Gallione: La lunga notte del dottor Galvan, di Daniel Pennac; Un certo signor G., omaggio a Giorgio Gaber di cui interpreta le canzoni e i monologhi; Eretici e Corsari; Beatles Submarine, Quello che non ho, tra Fabrizio De Andr\u00e9 e Pasolini; Tango del calcio di rigore; La buona novella\u2026 sono i principali titoli degli spettacoli messi in scena. L\u2019anno prossimo \u00e8 previsto il debutto di un nuovo spettacolo su Gaber e Luporini: Mi fa male il mondo.<br \/>\nNegli anni tra il 2008 e il 2011 \u00e8 protagonista di uno spettacolo di teatro canzone di grande successo, intitolato Attenti a quei due, con il cantautore Luca Barbarossa. In quegli stessi anni \u00e8 nel cast della serie Rai1 \u201cTutti pazzi per amore\u201d, diretto da Riccardo Milani. Torna al cinema per la terza volta con il film di Pupi Avati \u201cGli amici del bar Margherita\u201d.<br \/>\nPresta la sua voce a Dug nel film d&#8217;animazione Up.<br \/>\nNel 2010 recita nel film La scomparsa di Pat\u00f2, tratto dall&#8217;omonimo romanzo di Andrea Camilleri, insieme a Maurizio Casagrande e Nino Frassica. La regia \u00e8 di Rocco Mortelliti, con la collaborazione di Maurizio Nichetti alla sceneggiatura.<br \/>\nNel 2011 esce in Francia il film ambientato a Strasburgo \u201cTous les soleils\u201d di Philippe Claudel, del quale \u00e8 protagonista insieme a Stefano Accorsi. Sempre nel 2011 recita nella serie di Rai 1 Fuoriclasse, al fianco di Luciana Littizzetto e viene scelto, insieme a Bianca Balti, come testimonial della nuova campagna TIM, durante la quale vestir\u00e0 i panni di Leonardo da Vinci, Cristoforo Colombo, Giulio Cesare, Giuseppe Garibaldi, Marco Polo, Dante Alighieri e Giacomo Casanova. Nello stesso anno conduce il Concertone del Primo Maggio a Roma, in piazza San Giovanni.<br \/>\nNel 2012 interpreta Italo Calvino nel docufilm \u201cLo specchio di Calvino\u201d, diretto da Damian Pettigrew in una coproduzione Italia-Francia-Canada trasmessa da Art\u00e8 France e Sky Italia. \u00c8 nuovamente al cinema nel film francese diretto da Laurent Tirard, Asterix &amp; Obelix al servizio di Sua Maest\u00e0, mentre su Rai1 entra a far parte del cast di Che tempo che fa del Luned\u00ec, condotto da Fabio Fazio, proponendo alcuni dei personaggi della sua irriverente galleria. In questa stagione va in onda anche la prima serie della fiction \u201cQuesto nostro amore\u201d, al fianco di Anna Valle, cui faranno seguito negli anni altre due stagioni.<br \/>\nNella primavera del 2013 \u00e8 ideatore e conduttore di \u201cNeriPoppins\u201d su Rai 3, trasmissione incentrata su cortometraggi e sketch surreali. Al cinema recita in Mi rifaccio vivo di Sergio Rubini, insieme a Emilio Solfrizzi.<br \/>\nSempre nel 2014, su Rai 1, vanno in onda i film \u201cUna Ferrari per due\u201d e \u201cUna villa per due\u201d, entrambi con la regia di Fabrizio Costa.<br \/>\nI primi mesi del 2015 corrispondono all&#8217;uscita di tre film nelle sale cinematografiche: Sei mai stata sulla Luna? di Paolo Genovese, nel quale interpreta Pino, un soggetto affetto da sindrome autistica; Leoni di Pietro Parolin, con Piera Degli Esposti; Latin lover di Cristina Comencini, con Virna Lisi, Marisa Paredes e Angela Finocchiaro.<br \/>\nNegli anni successivi sar\u00e0 tra i protagonisti della saga cinematografica \u201cSmetto quando voglio\u201d di Sydney Sibilia, nel ruolo di Er murena.<br \/>\nNel 2017 \u00e8 ideatore e promotore di RisorgiMarche, festival musicale ecosostenibile e itinerante per affiancare e supportare la rinascita delle comunit\u00e0 colpite dal sisma del 2016. Al festival, giunto quest\u2019anno alla nona edizione, si sono esibiti tra gli altri Niccol\u00f2 Fabi, Malika Ayane, Ron, Enrico Ruggeri, Paola Turci, Bungaro, Samuele Bersani, Daniele Silvestri, Fiorella Mannoia, Luca Barbarossa, Brunori Sas, Max Gazz\u00e8, Francesco De Gregori, Noa, Toquinho, Piero Pel\u00f9, Nek, Irene Grandi, Stefano Bollani.<br \/>\nIl concerto di Jovanotti, a luglio del 2018 nei pressi di Matelica, ha radunato circa 70.000 persone.<br \/>\nSu Rai 1 conduce insieme a Serena Rossi ed Ernesto Assante \u201cCelebration\u201d, il programma televisivo dal carattere fortemente musicale.<br \/>\n\u00c8 spesso ospite del programma radiofonico Radio 2 Social Club dell&#8217;amico Luca Barbarossa.<br \/>\nNel 2022 vince la Targa Quelli che cantano Fabrizio al premio Fabrizio De Andr\u00e9. Nello stesso anno \u00e8 protagonista della serie di RaiPlay Il Santone &#8211; #lepi\u00f9bellefrasidiOscio, ispirata al fortunato spazio satirico de Il Tempo.<br \/>\nNel 2023 \u00e8 protagonista del film di Walter Veltroni \u201cQuando\u201d.<br \/>\nHa vinto il premio Bindi alla carriera.<br \/>\nNell&#8217;aprile del 2024 debutta nel triplo ruolo di regista, sceneggiatore e attore con il film \u201cZamora\u201d, presentato in anteprima mondiale fuori competizione al Festival du film italien de Villerupt e poi al Bif&amp;st di Bari.<br \/>\nIl film ottiene numerosi riconoscimenti in Italia e all\u2019estero e Marcor\u00e8 ottiene la candidatura ai David di Donatello come miglior regista esordiente.<br \/>\nNello stesso anno debutta nel musical Sherlock Holmes, nel ruolo omonimo, tourn\u00e9e che verr\u00e0 replicata a partire dalla prossima fine di ottobre.<br \/>\nA partire dal 2012, la passione per la musica d\u00ed Marcor\u00e8 lo porta ad aggiungere agli spettacoli teatrali e alle collaborazioni discografiche di vari amici, tra cui Claudio Baglioni, Erica Boschiero e Paolo Benvegn\u00f9, veri e propri concerti con varie formazioni, che vanno dal duo al quartetto, alla band composta da 7 elementi fino a orchestre sinfoniche. I repertori sono quelli dei cantautori italiani e stranieri. I titoli: Duo di tutto, Doppia coppia, Le mie canzoni altrui, Le divine donne di Dante (con letture relative a 15 figure femminili descritte da Dante ne La divina commedia) e Canzoni contro la guerra.<br \/>\nAlcuni spettacoli sono invece monotematici, incentrati sul patrimonio musicale di De Andr\u00e9 (Come una specie di sorriso), Gaber monologhi e canzoni, Gianmaria Testa (Di mare e di vento)<\/p>\n<\/div>\n<\/div>\n<\/div>\n<p>[\/vc_column_text][\/vc_column][\/vc_row][vc_row margin_top=&#8221;80px&#8221; margin_bottom=&#8221;80px&#8221; css=&#8221;.vc_custom_1563279048769{margin-bottom: 60px !important;}&#8221;][vc_column]<div class=\"dt-fancy-separator title-left\" style=\"width: 100%;\"><div class=\"dt-fancy-title\"><span class=\"separator-holder separator-left\"><\/span>Curriculum Artisti<span class=\"separator-holder separator-right\"><\/span><\/div><\/div>[\/vc_column][\/vc_row]<\/p>\n","protected":false},"excerpt":{"rendered":"<p>[vc_row][vc_column][vc_empty_space height=&#8221;100px&#8221;][\/vc_column][\/vc_row][vc_row][vc_column][vc_column_text] SABATO 27 SETTEMBRE ore 21:00 Teatro Augusteo Salerno NERI MARCORE&#8217; LE MIE CANZONI ALTRUI Neri Marcor\u00e8 VOCE SOLISTA E CHITARRA Domenico Mariorenzi CHITARRA E PIANOFORTE Pino Vecchioni BATTERIA Fabrizio Guarino CHITARRA ELETTRICA E CLASSICA Alessandro Patti BASSO E CONTRABBASSO Biglietto Platea \u20ac 45 + 6 prevendita Galleria \u20ac 35 + 5 prevendita postoriservato.it&hellip;<\/p>\n","protected":false},"author":1,"featured_media":0,"parent":0,"menu_order":0,"comment_status":"closed","ping_status":"closed","template":"","meta":{"footnotes":""},"class_list":["post-189","page","type-page","status-publish","hentry","description-off"],"_links":{"self":[{"href":"http:\/\/irnofestival.it\/XXVII\/wp-json\/wp\/v2\/pages\/189","targetHints":{"allow":["GET"]}}],"collection":[{"href":"http:\/\/irnofestival.it\/XXVII\/wp-json\/wp\/v2\/pages"}],"about":[{"href":"http:\/\/irnofestival.it\/XXVII\/wp-json\/wp\/v2\/types\/page"}],"author":[{"embeddable":true,"href":"http:\/\/irnofestival.it\/XXVII\/wp-json\/wp\/v2\/users\/1"}],"replies":[{"embeddable":true,"href":"http:\/\/irnofestival.it\/XXVII\/wp-json\/wp\/v2\/comments?post=189"}],"version-history":[{"count":33,"href":"http:\/\/irnofestival.it\/XXVII\/wp-json\/wp\/v2\/pages\/189\/revisions"}],"predecessor-version":[{"id":704,"href":"http:\/\/irnofestival.it\/XXVII\/wp-json\/wp\/v2\/pages\/189\/revisions\/704"}],"wp:attachment":[{"href":"http:\/\/irnofestival.it\/XXVII\/wp-json\/wp\/v2\/media?parent=189"}],"curies":[{"name":"wp","href":"https:\/\/api.w.org\/{rel}","templated":true}]}}