{"id":171,"date":"2021-06-17T14:10:05","date_gmt":"2021-06-17T12:10:05","guid":{"rendered":"http:\/\/irnofestival.it\/XXV\/?page_id=171"},"modified":"2025-08-14T23:56:13","modified_gmt":"2025-08-14T21:56:13","slug":"7-settembre-2025","status":"publish","type":"page","link":"http:\/\/irnofestival.it\/XXVII\/7-settembre-2025\/","title":{"rendered":"7 settembre 2025"},"content":{"rendered":"<p>[vc_row type=&#8221;vc_default&#8221; full_width=&#8221;stretch_row&#8221; gap=&#8221;35&#8243; css=&#8221;.vc_custom_1660033573432{padding-top: 80px !important;padding-bottom: 0px !important;background-color: #f6f6f6 !important;}&#8221;][vc_column offset=&#8221;vc_col-lg-offset-1 vc_col-lg-10 vc_col-md-offset-1 vc_col-md-10 vc_col-xs-12&#8243;][vc_column_text]<\/p>\n<h3 style=\"text-align: center;\">DOMENICA 7 SETTEMBRE ore 19:30<br \/>\nChiostro del Convento dei Frati Cappuccini<br \/>\nChiesa dell&#8217;Immacolata \/ P.zza San Francesco &#8211; Salerno<\/h3>\n<h3 style=\"text-align: center;\"><span style=\"color: #3366ff;\">RECITAL PIANISTICO<br \/>\nGIACOMO RONCHINI<\/span><\/h3>\n<h3 style=\"text-align: center;\">Giacomo Ronchini<br \/>\nPIANOFORTE<\/h3>\n<h3 style=\"text-align: center;\">Musiche di Jobim, Piazzolla, Ronchini<\/h3>\n<h3 style=\"text-align: center;\"><span style=\"color: #3366ff;\">BIGLIETTO<\/span><br \/>\n\u20ac 15,00 + 1 prevendita<br \/>\npostoriservato.it<\/h3>\n<p>[\/vc_column_text][\/vc_column][\/vc_row][vc_row type=&#8221;vc_default&#8221; full_width=&#8221;stretch_row&#8221; gap=&#8221;35&#8243; css=&#8221;.vc_custom_1660033573432{padding-top: 80px !important;padding-bottom: 0px !important;background-color: #f6f6f6 !important;}&#8221;][vc_column offset=&#8221;vc_col-lg-offset-1 vc_col-lg-10 vc_col-md-offset-1 vc_col-md-10 vc_col-xs-12&#8243;][\/vc_column][\/vc_row][vc_row margin_top=&#8221;80px&#8221; margin_bottom=&#8221;80px&#8221; css=&#8221;.vc_custom_1563279048769{margin-bottom: 60px !important;}&#8221;][vc_column]<div class=\"dt-fancy-separator title-left\" style=\"width: 100%;\"><div class=\"dt-fancy-title\"><span class=\"separator-holder separator-left\"><\/span>Curriculum artisti<span class=\"separator-holder separator-right\"><\/span><\/div><\/div>[\/vc_column][\/vc_row][vc_row type=&#8221;vc_default&#8221; full_width=&#8221;stretch_row&#8221; gap=&#8221;35&#8243;][vc_column width=&#8221;1\/4&#8243;]<style type=\"text\/css\" data-type=\"the7_shortcodes-inline-css\">.shortcode-single-image-wrap.shortcode-single-image-80b8720624ee07282369b1400b2e30d9.enable-bg-rollover .rollover i,\n.shortcode-single-image-wrap.shortcode-single-image-80b8720624ee07282369b1400b2e30d9.enable-bg-rollover .rollover-video i {\n  background: -webkit-linear-gradient();\n  background: linear-gradient();\n}\n.shortcode-single-image-wrap.shortcode-single-image-80b8720624ee07282369b1400b2e30d9 .rollover-icon {\n  font-size: 32px;\n  color: #ffffff;\n  min-width: 44px;\n  min-height: 44px;\n  line-height: 44px;\n  border-radius: 100px;\n  border-style: solid;\n  border-width: 0px;\n}\n.dt-icon-bg-on.shortcode-single-image-wrap.shortcode-single-image-80b8720624ee07282369b1400b2e30d9 .rollover-icon {\n  background: rgba(255,255,255,0.3);\n  box-shadow: none;\n}\n<\/style><div class=\"shortcode-single-image-wrap shortcode-single-image-80b8720624ee07282369b1400b2e30d9 alignnone  enable-bg-rollover dt-icon-bg-off\" style=\"margin-top:0px; margin-bottom:0px; margin-left:0px; margin-right:0px; width:350px;\"><div class=\"shortcode-single-image\"><div class=\"fancy-media-wrap  layzr-bg\" style=\"\"><img loading=\"lazy\" decoding=\"async\" class=\"preload-me lazy-load\" src=\"data:image\/svg+xml,%3Csvg%20xmlns%3D&#39;http%3A%2F%2Fwww.w3.org%2F2000%2Fsvg&#39;%20viewBox%3D&#39;0%200%20241%20241&#39;%2F%3E\" data-src=\"http:\/\/irnofestival.it\/XXVII\/wp-content\/uploads\/2025\/08\/ronchini@2x.png\" data-srcset=\"http:\/\/irnofestival.it\/XXVII\/wp-content\/uploads\/2025\/08\/ronchini@2x.png 241w\" width=\"241\" height=\"241\"  data-dt-location=\"http:\/\/irnofestival.it\/XXVII\/7-settembre-2025\/ronchini2x\/\" style=\"\" alt=\"\" \/><\/div><\/div><\/div>[\/vc_column][vc_column width=&#8221;3\/4&#8243;][vc_column_text]<strong>Giacomo Ronchini<br \/>\n<\/strong><br \/>\nDiplomatosi al Cons. \u201cG. Verdi\u201d di Milano con la lode si \u00e8 perfezionato con B. Petrushanskij, il Trio di Trieste, B. Giuranna. Ha esordito atredici anni nel Conc. K 414 di Mozart e con le orch. RAI e Pom. Mus. ha eseguito negli anni successivi i Concerti di Mozart, Schumann, Liszt, Rachmaninoff. Da subito si dedica anche alla musica da camera imponendosi all\u2019attenzione del pubblico delle pi\u00f9 prestigiose stag. conc.: Milano (Sala Verdi per la Soc. dei Concerti, Sala Bramantesca, \u201cAuditorium\u201d laVerdi), Torino (Lingotto), Palermo (Politeama), Roma (Gonfalone), Trieste (Teatri Rossetti e Revoltella), Asolo (Festival Intern.), Citt\u00e0 di Castello (Fest. delle Nazioni), Jesi (Teatro Pergolesi), Treviso (Teat. Com.), Amalfi (Fest. pian. Intern.), Siena (Acc. Chigiana), Genova (Pal. Ducale), Gorizia (Aud. della Cult. Friul), Codroipo (Villa Manin), Busseto (Sala Barezzi), Modena (Teat. Com.), Lecco (Music Festival), Brescia (Fond. Romanini), Savona (Teat. Chiabrera), Carpi (Teat. Com.), Bergamo (Sala Piatti), Lipari (Teat. greco), Novara (Cons.), Blonay, La-Chaux-de-Fonds, Amsterdam, Kiev Londra (Purcell Room. Royal Festival Hall)&#8230;<br \/>\nDiploma d\u2019onore dell\u2019Acc. Chigiana di Siena e premio\u201cNuove Carriere\u201d del CIDIM.<br \/>\nL&#8217;uscita nel 2015 dell&#8217;album Self-portrait segna la sua svolta creativa: Forse un giorno (2015) e So Slow, so long (2016) gli album successivi.<br \/>\nDal 2014, con un recital all&#8217;Hangar Bicocca di Milano, \u00e8 protagonista di recital dall&#8217;attrattiva stilistica trasversale: Gorizia Classica, Sorrento Classica, Teatro Concordia di Monte Castello, Salotti della Musica di Latina, Teat. Garibaldi di Mazara, Casa Menotti di Spoleto, San Giac. Fest. di Bologna, ISSM di Gallarate e Modena, Tones on the Stones di Domodossola con un omaggio a De Chirico, Afam di Siracusa, Fest. Florio di Favignana, Ravello Conc. Society, Jazz Festival di Kamnik, Funda\u00e7. Eutherpe di Le\u00f2n, Mus\u00e9e de la vie Wallone di Li\u00e8ge.<br \/>\nDopo Piano Works (2019) e The Seasons (2020) il 2022 vede l&#8217;uscita dell&#8217;album Poliedro.[\/vc_column_text][\/vc_column][\/vc_row]<\/p>\n","protected":false},"excerpt":{"rendered":"<p>[vc_row type=&#8221;vc_default&#8221; full_width=&#8221;stretch_row&#8221; gap=&#8221;35&#8243; css=&#8221;.vc_custom_1660033573432{padding-top: 80px !important;padding-bottom: 0px !important;background-color: #f6f6f6 !important;}&#8221;][vc_column offset=&#8221;vc_col-lg-offset-1 vc_col-lg-10 vc_col-md-offset-1 vc_col-md-10 vc_col-xs-12&#8243;][vc_column_text] DOMENICA 7 SETTEMBRE ore 19:30 Chiostro del Convento dei Frati Cappuccini Chiesa dell&#8217;Immacolata \/ P.zza San Francesco &#8211; Salerno RECITAL PIANISTICO GIACOMO RONCHINI Giacomo Ronchini PIANOFORTE Musiche di Jobim, Piazzolla, Ronchini BIGLIETTO \u20ac 15,00 + 1 prevendita postoriservato.it [\/vc_column_text][\/vc_column][\/vc_row][vc_row&hellip;<\/p>\n","protected":false},"author":1,"featured_media":0,"parent":0,"menu_order":0,"comment_status":"closed","ping_status":"closed","template":"","meta":{"footnotes":""},"class_list":["post-171","page","type-page","status-publish","hentry","description-off"],"_links":{"self":[{"href":"http:\/\/irnofestival.it\/XXVII\/wp-json\/wp\/v2\/pages\/171","targetHints":{"allow":["GET"]}}],"collection":[{"href":"http:\/\/irnofestival.it\/XXVII\/wp-json\/wp\/v2\/pages"}],"about":[{"href":"http:\/\/irnofestival.it\/XXVII\/wp-json\/wp\/v2\/types\/page"}],"author":[{"embeddable":true,"href":"http:\/\/irnofestival.it\/XXVII\/wp-json\/wp\/v2\/users\/1"}],"replies":[{"embeddable":true,"href":"http:\/\/irnofestival.it\/XXVII\/wp-json\/wp\/v2\/comments?post=171"}],"version-history":[{"count":50,"href":"http:\/\/irnofestival.it\/XXVII\/wp-json\/wp\/v2\/pages\/171\/revisions"}],"predecessor-version":[{"id":693,"href":"http:\/\/irnofestival.it\/XXVII\/wp-json\/wp\/v2\/pages\/171\/revisions\/693"}],"wp:attachment":[{"href":"http:\/\/irnofestival.it\/XXVII\/wp-json\/wp\/v2\/media?parent=171"}],"curies":[{"name":"wp","href":"https:\/\/api.w.org\/{rel}","templated":true}]}}

<p>[vc_row type=&#8221;vc_default&#8221; full_width=&#8221;stretch_row&#8221; gap=&#8221;35&#8243; css=&#8221;.vc_custom_1660033573432{padding-top: 80px !important;padding-bottom: 0px !important;background-color: #f6f6f6 !important;}&#8221;][vc_column offset=&#8221;vc_col-lg-offset-1 vc_col-lg-10 vc_col-md-offset-1 vc_col-md-10 vc_col-xs-12&#8243;][vc_column_text]</p>
<h3 style="text-align: center;">DOMENICA 7 SETTEMBRE ore 19:30<br />
Chiostro del Convento dei Frati Cappuccini<br />
Chiesa dell&#8217;Immacolata / P.zza San Francesco &#8211; Salerno</h3>
<h3 style="text-align: center;"><span style="color: #3366ff;">RECITAL PIANISTICO<br />
GIACOMO RONCHINI</span></h3>
<h3 style="text-align: center;">Giacomo Ronchini<br />
PIANOFORTE</h3>
<h3 style="text-align: center;">Musiche di Jobim, Piazzolla, Ronchini</h3>
<h3 style="text-align: center;"><span style="color: #3366ff;">BIGLIETTO</span><br />
€ 15,00 + 1 prevendita<br />
postoriservato.it</h3>
<p>[/vc_column_text][/vc_column][/vc_row][vc_row type=&#8221;vc_default&#8221; full_width=&#8221;stretch_row&#8221; gap=&#8221;35&#8243; css=&#8221;.vc_custom_1660033573432{padding-top: 80px !important;padding-bottom: 0px !important;background-color: #f6f6f6 !important;}&#8221;][vc_column offset=&#8221;vc_col-lg-offset-1 vc_col-lg-10 vc_col-md-offset-1 vc_col-md-10 vc_col-xs-12&#8243;][/vc_column][/vc_row][vc_row margin_top=&#8221;80px&#8221; margin_bottom=&#8221;80px&#8221; css=&#8221;.vc_custom_1563279048769{margin-bottom: 60px !important;}&#8221;][vc_column]<div class="dt-fancy-separator title-left" style="width: 100%;"><div class="dt-fancy-title"><span class="separator-holder separator-left"></span>Curriculum artisti<span class="separator-holder separator-right"></span></div></div>[/vc_column][/vc_row][vc_row type=&#8221;vc_default&#8221; full_width=&#8221;stretch_row&#8221; gap=&#8221;35&#8243;][vc_column width=&#8221;1/4&#8243;]<style type="text/css" data-type="the7_shortcodes-inline-css">.shortcode-single-image-wrap.shortcode-single-image-80b8720624ee07282369b1400b2e30d9.enable-bg-rollover .rollover i,
.shortcode-single-image-wrap.shortcode-single-image-80b8720624ee07282369b1400b2e30d9.enable-bg-rollover .rollover-video i {
  background: -webkit-linear-gradient();
  background: linear-gradient();
}
.shortcode-single-image-wrap.shortcode-single-image-80b8720624ee07282369b1400b2e30d9 .rollover-icon {
  font-size: 32px;
  color: #ffffff;
  min-width: 44px;
  min-height: 44px;
  line-height: 44px;
  border-radius: 100px;
  border-style: solid;
  border-width: 0px;
}
.dt-icon-bg-on.shortcode-single-image-wrap.shortcode-single-image-80b8720624ee07282369b1400b2e30d9 .rollover-icon {
  background: rgba(255,255,255,0.3);
  box-shadow: none;
}
</style><div class="shortcode-single-image-wrap shortcode-single-image-80b8720624ee07282369b1400b2e30d9 alignnone  enable-bg-rollover dt-icon-bg-off" style="margin-top:0px; margin-bottom:0px; margin-left:0px; margin-right:0px; width:350px;"><div class="shortcode-single-image"><div class="fancy-media-wrap  layzr-bg" style=""><img loading="lazy" decoding="async" class="preload-me lazy-load" src="data:image/svg+xml,%3Csvg%20xmlns%3D&#39;http%3A%2F%2Fwww.w3.org%2F2000%2Fsvg&#39;%20viewBox%3D&#39;0%200%20241%20241&#39;%2F%3E" data-src="http://irnofestival.it/XXVII/wp-content/uploads/2025/08/ronchini@2x.png" data-srcset="http://irnofestival.it/XXVII/wp-content/uploads/2025/08/ronchini@2x.png 241w" width="241" height="241"  data-dt-location="http://irnofestival.it/XXVII/7-settembre-2025/ronchini2x/" style="" alt="" /></div></div></div>[/vc_column][vc_column width=&#8221;3/4&#8243;][vc_column_text]<strong>Giacomo Ronchini<br />
</strong><br />
Diplomatosi al Cons. “G. Verdi” di Milano con la lode si è perfezionato con B. Petrushanskij, il Trio di Trieste, B. Giuranna. Ha esordito atredici anni nel Conc. K 414 di Mozart e con le orch. RAI e Pom. Mus. ha eseguito negli anni successivi i Concerti di Mozart, Schumann, Liszt, Rachmaninoff. Da subito si dedica anche alla musica da camera imponendosi all’attenzione del pubblico delle più prestigiose stag. conc.: Milano (Sala Verdi per la Soc. dei Concerti, Sala Bramantesca, “Auditorium” laVerdi), Torino (Lingotto), Palermo (Politeama), Roma (Gonfalone), Trieste (Teatri Rossetti e Revoltella), Asolo (Festival Intern.), Città di Castello (Fest. delle Nazioni), Jesi (Teatro Pergolesi), Treviso (Teat. Com.), Amalfi (Fest. pian. Intern.), Siena (Acc. Chigiana), Genova (Pal. Ducale), Gorizia (Aud. della Cult. Friul), Codroipo (Villa Manin), Busseto (Sala Barezzi), Modena (Teat. Com.), Lecco (Music Festival), Brescia (Fond. Romanini), Savona (Teat. Chiabrera), Carpi (Teat. Com.), Bergamo (Sala Piatti), Lipari (Teat. greco), Novara (Cons.), Blonay, La-Chaux-de-Fonds, Amsterdam, Kiev Londra (Purcell Room. Royal Festival Hall)&#8230;<br />
Diploma d’onore dell’Acc. Chigiana di Siena e premio“Nuove Carriere” del CIDIM.<br />
L&#8217;uscita nel 2015 dell&#8217;album Self-portrait segna la sua svolta creativa: Forse un giorno (2015) e So Slow, so long (2016) gli album successivi.<br />
Dal 2014, con un recital all&#8217;Hangar Bicocca di Milano, è protagonista di recital dall&#8217;attrattiva stilistica trasversale: Gorizia Classica, Sorrento Classica, Teatro Concordia di Monte Castello, Salotti della Musica di Latina, Teat. Garibaldi di Mazara, Casa Menotti di Spoleto, San Giac. Fest. di Bologna, ISSM di Gallarate e Modena, Tones on the Stones di Domodossola con un omaggio a De Chirico, Afam di Siracusa, Fest. Florio di Favignana, Ravello Conc. Society, Jazz Festival di Kamnik, Fundaç. Eutherpe di Leòn, Musée de la vie Wallone di Liège.<br />
Dopo Piano Works (2019) e The Seasons (2020) il 2022 vede l&#8217;uscita dell&#8217;album Poliedro.[/vc_column_text][/vc_column][/vc_row]</p>
